ase 8
356462
Convert 10430331 (base 6) to base 5.
40040210
What is -668033 (base 9) in base 13?
-10cb06
What is -2305671 (base 9) in base 15?
-1989d4
Convert 27057441 (base 8) to base 12.
203b341
What is 5147604 (base 9) in base 10?
2748091
What is -28b1c (base 14) in base 6?
-2055234
Convert -42014434 (base 5) to base 15.
-6c349
45a69 (base 11) to base 14
1a344
-23101404 (base 5) to base 14
-55367
-111110011110011011011 (base 2) to base 15
-2a689a
What is 462345 (base 7) in base 2?
10100001001000100
Convert 523343 (base 16) to base 2.
10100100011001101000011
What is 108259 (base 16) in base 11?
679977
-310202 (base 7) to base 6
-1045002
10020402 (base 7) to base 13
230181
What is -6c99 (base 14) in base 10?
-18951
Convert 3a421 (base 16) to base 2.
111010010000100001
What is -7a4b37 (base 14) in base 16?
-3f823d
Convert 76476 (base 9) to base 5.
3110234
Convert 1001000001101011000000 (base 2) to base 9.
4405658
What is 10a2175 (base 12) in base 16?
30c869
What is -247667 (base 12) in base 14?
-1164b5
Convert 1100000001111111011110 (base 2) to base 4.
30001333132
-20766 (base 10) to base 15
-6246
-20121101111 (base 3) to base 4
-133233331
Convert 6e326 (base 16) to base 5.
103420431
Convert 11363226 (base 7) to base 13.
293574
12034 (base 12) to base 10
24232
Convert 22543355 (base 8) to base 6.
253011525
What is -11012120011 (base 3) in base 10?
-82786
What is -3475456 (base 9) in base 10?
-1880466
What is 28ac909 (base 13) in base 12?
43bab62
Convert 646992 (base 10) to base 16.
9df50
348568 (base 11) to base 4
2013001110
Convert 1d1a5d (base 16) to base 8.
7215135
-502103343 (base 6) to base 11
-4886159
Convert 110054304 (base 7) to base 4.
121023302100
-31233310 (base 4) to base 8
-155764
Convert 115035 (base 8) to base 9.
60106
Convert 143301331 (base 5) to base 14.
15ab67
3213324 (base 6) to base 5
20020323
344957 (base 11) to base 13
162698
Convert -10110110111100110 (base 2) to base 10.
-93670
What is -1616a6 (base 13) in base 10?
-546006
What is 27542104 (base 8) in base 15?
82a2bd
What is -10654530 (base 7) in base 12?
-392a10
-238344 (base 9) to base 15
-2c981
What is -2220001 (base 5) in base 4?
-21131133
Convert -13550324 (base 7) to base 16.
-136b77
Convert 1055a1 (base 12) to base 15.
5180d
-154042 (base 6) to base 2
-11101100101010
What is -111011010001100010 (base 2) in base 4?
-323101202
What is 4c945 (base 14) in base 10?
188417
-109885 (base 13) to base 5
-100030102
Convert 22215355 (base 6) to base 4.
2203320113
-14354324 (base 7) to base 5
-321424402
1c175 (base 13) to base 2
1101011110010110
45106 (base 12) to base 7
531306
Convert db4d (base 15) to base 6.
554531
What is 140212404 (base 5) in base 6?
23120402
What is 1171ad (base 15) in base 11?
51a674
What is -1dd6d (base 14) in base 5?
-4423413
3630660 (base 7) to base 9
772736
Convert -19029 (base 11) to base 12.
-1350b
What is 2050245 (base 7) in base 16?
3c68a
What is 2000303113 (base 4) in base 12?
215387
40345720 (base 8) to base 14
11b5d84
Convert -7262f (base 16) to base 10.
-468527
-21143334 (base 5) to base 3
-100001010110
Convert -3032001322 (base 4) to base 16.
-ce07a
-672255 (base 8) to base 4
-313102231
Convert 15370 (base 8) to base 4.
1223320
Convert 68412 (base 15) to base 16.
50f93
-561b52 (base 12) to base 6
-45223342
100110010000100110101 (base 2) to base 14
248c4d
What is -100100110101000101 (base 2) in base 3?
-21122221011
Convert 406d4 (base 16) to base 11.
1702a2
What is -1056522 (base 7) in base 5?
-13210343
What is 1202514032 (base 6) in base 2?
110011110001010011100100
Convert -75042 (base 10) to base 16.
-12522
Convert 4032243011 (base 5) to base 3.
120012212122000
What is -3341002 (base 5) in base 2?
-1110010111111101
Convert 10310130203 (base 4) to base 5.
310412040
80bbb (base 12) to base 15
349e5
-382a1 (base 11) to base 6
-1102140
What is 32d01 (base 14) in base 13?
44166
What is -2168468 (base 10) in base 6?
-114251112
Convert 12201221221 (base 4) to base 6.
100355521
194f63 (base 16) to base 8
6247543
Convert -43445 (base 7) to base 11.
-8185
6a312 (base 13) to base 5
22200413
-20375866 (base 9) to base 6
-545523353
-112122101002200 (base 3) to base 14
-10680b9
What is 22024021 (base 5) in base 6?
4020113
Convert -625100 (base 9) to base 12.
-15a946
What is 2333013103 (base 4) in base 12?
319017
Convert 5825574 (base 9) to base 2.
1100000000010001010100
What is 13fb2c (base 16) in base 12?
531978
-1131434 (base 6) to base 10
-58702
Convert 8904 (base 13) to base 12.
b079
What is 2828808 (base 10) in base 9?
5281350
137210 (base 13) to base 8
1633202
2101414401 (base 5) to base 13
b861c8
Convert -56993a (base 11) to base 16.
-dd3e4
Convert -1826a98 (base 11) to base 9.
-5742367
Convert -2311155 (base 8) to base 15.
-c5d09
101100101101000101101 (base 2) to base 13
3c39bb
19796 (base 14) to base 7
356246
-10202221112 (base 3) to base 7
-426446
Convert 101010221101 (base 3) to base 15.
3e287
What is 40508 (base 10) in base 7?
226046
What is -201101112111211 (base 3) in base 14?
-1523564
Convert 171c77 (base 15) to base 10.
1119937
Convert -da2b7 (base 16) to base 12.
-371187
Convert -544a (base 16) to base 11.
-15237
314341233 (base 5) to base 7
14154500
Convert 10011001111010111 (base 2) to base 7.
445521
Convert 70705 (base 14) to base 15.
55144
-1a9c882 (base 14) to base 11
-7556629
What is -2747155 (base 10) in base 13?
-752548
Convert 480bf (base 16) to base 4.
1020002333
What is 100100001000000010 (base 2) in base 7?
1154254
Convert 167ccab (base 13) to base 3.
111201000102202
Convert 34314040 (base 5) to base 3.
120121200000
-33626311 (base 7) to base 8
-13135351
12aa9 (base 12) to base 14
9561
-2dd09a (base 15) to base 5
-1032032040
Convert -131210 (base 4) to base 11.
-1470
Convert 480b2b (base 12) to base 9.
2162088
4e313 (base 15) to base 12
100b23
What is -2044623 (base 10) in base 13?
-567849
What is c5598b (base 14) in base 8?
31322707
Convert -1a594 (base 13) to base 6.
-1034225
What is 2122220101121 (base 3) in base 4?
11121201223
1073a0 (base 12) to base 9
437613
Convert -1000000111010001 (base 2) to base 3.
-1200120212
What is -1a974b (base 14) in base 7?
-11026124
Convert 215555043 (base 6) to base 10.
3918915
What is -2201124100 (base 5) in base 6?
-244524225
101322131 (base 4) to base 9
121575
Convert 10772007 (base 9) to base 7.
62366524
Convert 48b827 (base 12) to base 5.
300301112
What is -6242aa (base 13) in base 12?
-92776a
11112111110 (base 3) to base 12
43819
What is -637 (base 13) in base 2?
-10000100100
40423 (base 7) to base 3
111110121
What is 74b78a (base 14) in base 10?
3950110
What is -4443440 (base 6) in base 4?
-312213300
What is -6809 (base 16) in base 6?
-323145
What is 100010001111000111010010 (base 2) in base 7?
136166414
Convert 1201011101 (base 3) to base 8.
101564
Convert 22553007 (base 8) to base 3.
100020011122111
Convert 771016 (base 10) to base 15.
1036b1
What is 2301 (base 9) in base 7?
4651
What is 20786670 (base 9) in base 5?
10032133232
c65333 (base 13) to base 6
243230052
What is -531ab9 (base 12) in base 4?
-10333233231
What is 36106 (base 14) in base 3?
20200221201
-114432020 (base 5) to base 12
-223aa5
Convert 11111110001110010110 (base 2) to base 10.
1041302
Convert 330300444 (base 5) to base 16.
159a45
What is 228541 (base 11) in base 3?
200102111200
Convert -3443064 (base 7) to base 8.
-1511406
Convert 20210103231 (base 4) to base 5.
1033331434
What is 766544 (base 14) in base 6?
222001344
What is -2001212200000 (base 3) in base 2?
-100001100100000101010
What is -23203311 (base 6) in base 13?
-1c0c7b
12431122 (base 5) to base 16
1e408
Convert -222410101 (base 5) to base 14.
-1b7b9b
Convert 2201110112 (base 3) to base 11.
37267
-2354637 (base 8) to base 10
-645535
3152430 (base 8) to base 13
235a31
Convert 11626332 (base 7) to base 10.
1049064
214230455 (base 6) to base 13
a483bb
-1a818 (base 12) to base 14
-103d2
What is -1231032111 (base 5) in base 6?
-144002311
Convert -567a1 (base 12) to base 13.
-4056a
f696e5 (base 16) to base 7
254235055
1a5106 (base 12) to base 6
13544410
What is -168197 (base 12) in base 16?
-5e903
-3303023023 (base 4) to base 12
-4004b7
Convert 15115106 (base 7) to base 16.
15dcbe
-543b3 (base 12) to base 13
-3b799
Convert 232353 (base 12) to base 8.
